{"id":146,"date":"2023-12-14T13:55:03","date_gmt":"2023-12-14T13:55:03","guid":{"rendered":"https:\/\/amor.erasmus.site\/?page_id=146"},"modified":"2025-09-02T15:10:15","modified_gmt":"2025-09-02T15:10:15","slug":"about-the-project","status":"publish","type":"page","link":"https:\/\/amor.erasmus.site\/de\/about-the-project\/","title":{"rendered":"\u00dcber das Projekt"},"content":{"rendered":"<p><\/p>\n<div class=\"paoc-popup-margin paoc-popup-content\">\n<p>Angesichts der COVID-19-Krise und der Herausforderungen, mit denen Bildungseinrichtungen konfrontiert sind, ben\u00f6tigt der Bildungssektor insgesamt kurzfristige L\u00f6sungen, mit denen auf diese und m\u00f6gliche zuk\u00fcnftige Krisen reagiert werden kann.<\/p>\n<p>Das Projekt A.M.O.R. (Advanced Measurements of Responses to the Challenges of Social Skills Development in the Digital Era) geht auf diesen Bedarf ein.<\/p>\n<p>Die Aktivit\u00e4ten des Projekts konzentrieren sich auf die Entwicklung von L\u00f6sungen f\u00fcr Menschen mit Behinderungen und Sch\u00fcler mit besonderen Bildungsbed\u00fcrfnissen, die von den in den letzten Monaten entwickelten digitalen und nicht-digitalen L\u00f6sungen weitestgehend ausgeschlossen waren, vor allem aufgrund ihrer Unzug\u00e4nglichkeit und mangelnden Einbeziehung.<\/p>\n<p>Durch die Umsetzung des A.M.O.R.-Projekts werden Lehrer, Ausbilder und Sozialarbeiter in der Lage sein, jungen Menschen, insbesondere solchen mit Behinderungen und sonderp\u00e4dagogischem F\u00f6rderbedarf, dabei zu helfen, den gef\u00fchlten oder tats\u00e4chlichen Mangel an Kontrolle \u00fcber ihre Situation zu \u00fcberwinden, die aktive soziale Teilhabe zu st\u00e4rken und die aktuellen negativen Trends der Ausgrenzung zu bek\u00e4mpfen.<\/p>\n<p>Die A.M.O.R.-Partnerschaft m\u00f6chte innovative und praktische p\u00e4dagogische L\u00f6sungen f\u00fcr eine integrative Digitalisierung der Jugend und Sozialarbeit in informellen und formellen Kontexten anbieten<\/p>\n<p>Zielgruppen:<\/p>\n<ul>\n<li>Prim\u00e4re Zielgruppe (TG1)<\/li>\n<\/ul>\n<p>JUGEND- und SozialarbeiterInnen sowie andere P\u00e4dagogInnen im Bereich der JUGENDarbeit, z.B. LehrerInnen, TrainerInnen, Coaches<\/p>\n<ul>\n<li>Sekund\u00e4re Zielgruppe (TG2)<\/li>\n<\/ul>\n<p>Junge Menschen mit k\u00f6rperlichen und geistigen Behinderungen und\/oder SEN in Europa, die sich den durch die Covid-Pandemie erzwungenen Herausforderungen stellen<\/p>\n<\/div>\n<p><\/p>","protected":false},"excerpt":{"rendered":"<p>Angesichts der COVID-19-Krise und der Herausforderungen, mit denen Bildungseinrichtungen konfrontiert sind, ben\u00f6tigt der Bildungssektor insgesamt kurzfristige L\u00f6sungen, mit denen auf diese und m\u00f6gliche zuk\u00fcnftige Krisen reagiert werden kann. Das Projekt A.M.O.R. (Advanced Measurements of Responses to the Challenges of Social Skills Development in the Digital Era) geht auf diesen Bedarf ein. Die Aktivit\u00e4ten des Projekts&hellip;&nbsp;<\/p>\n","protected":false},"author":1,"featured_media":0,"parent":0,"menu_order":0,"comment_status":"closed","ping_status":"closed","template":"","meta":{"neve_meta_sidebar":"","neve_meta_container":"","neve_meta_enable_content_width":"off","neve_meta_content_width":100,"neve_meta_title_alignment":"","neve_meta_author_avatar":"","neve_post_elements_order":"","neve_meta_disable_header":"","neve_meta_disable_footer":"","neve_meta_disable_title":"","footnotes":""},"class_list":["post-146","page","type-page","status-publish","hentry"],"_links":{"self":[{"href":"https:\/\/amor.erasmus.site\/de\/wp-json\/wp\/v2\/pages\/146","targetHints":{"allow":["GET"]}}],"collection":[{"href":"https:\/\/amor.erasmus.site\/de\/wp-json\/wp\/v2\/pages"}],"about":[{"href":"https:\/\/amor.erasmus.site\/de\/wp-json\/wp\/v2\/types\/page"}],"author":[{"embeddable":true,"href":"https:\/\/amor.erasmus.site\/de\/wp-json\/wp\/v2\/users\/1"}],"replies":[{"embeddable":true,"href":"https:\/\/amor.erasmus.site\/de\/wp-json\/wp\/v2\/comments?post=146"}],"version-history":[{"count":4,"href":"https:\/\/amor.erasmus.site\/de\/wp-json\/wp\/v2\/pages\/146\/revisions"}],"predecessor-version":[{"id":547,"href":"https:\/\/amor.erasmus.site\/de\/wp-json\/wp\/v2\/pages\/146\/revisions\/547"}],"wp:attachment":[{"href":"https:\/\/amor.erasmus.site\/de\/wp-json\/wp\/v2\/media?parent=146"}],"curies":[{"name":"wp","href":"https:\/\/api.w.org\/{rel}","templated":true}]}}

Über das Projekt

<p></p>
<div class="paoc-popup-margin paoc-popup-content">
<p>Angesichts der COVID-19-Krise und der Herausforderungen, mit denen Bildungseinrichtungen konfrontiert sind, benötigt der Bildungssektor insgesamt kurzfristige Lösungen, mit denen auf diese und mögliche zukünftige Krisen reagiert werden kann.</p>
<p>Das Projekt A.M.O.R. (Advanced Measurements of Responses to the Challenges of Social Skills Development in the Digital Era) geht auf diesen Bedarf ein.</p>
<p>Die Aktivitäten des Projekts konzentrieren sich auf die Entwicklung von Lösungen für Menschen mit Behinderungen und Schüler mit besonderen Bildungsbedürfnissen, die von den in den letzten Monaten entwickelten digitalen und nicht-digitalen Lösungen weitestgehend ausgeschlossen waren, vor allem aufgrund ihrer Unzugänglichkeit und mangelnden Einbeziehung.</p>
<p>Durch die Umsetzung des A.M.O.R.-Projekts werden Lehrer, Ausbilder und Sozialarbeiter in der Lage sein, jungen Menschen, insbesondere solchen mit Behinderungen und sonderpädagogischem Förderbedarf, dabei zu helfen, den gefühlten oder tatsächlichen Mangel an Kontrolle über ihre Situation zu überwinden, die aktive soziale Teilhabe zu stärken und die aktuellen negativen Trends der Ausgrenzung zu bekämpfen.</p>
<p>Die A.M.O.R.-Partnerschaft möchte innovative und praktische pädagogische Lösungen für eine integrative Digitalisierung der Jugend und Sozialarbeit in informellen und formellen Kontexten anbieten</p>
<p>Zielgruppen:</p>
<ul>
<li>Primäre Zielgruppe (TG1)</li>
</ul>
<p>JUGEND- und SozialarbeiterInnen sowie andere PädagogInnen im Bereich der JUGENDarbeit, z.B. LehrerInnen, TrainerInnen, Coaches</p>
<ul>
<li>Sekundäre Zielgruppe (TG2)</li>
</ul>
<p>Junge Menschen mit körperlichen und geistigen Behinderungen und/oder SEN in Europa, die sich den durch die Covid-Pandemie erzwungenen Herausforderungen stellen</p>
</div>
<p></p>

<p>Angesichts der COVID-19-Krise und der Herausforderungen, mit denen Bildungseinrichtungen konfrontiert sind, benötigt der Bildungssektor insgesamt kurzfristige Lösungen, mit denen auf diese und mögliche zukünftige Krisen reagiert werden kann. Das Projekt A.M.O.R. (Advanced Measurements of Responses to the Challenges of Social Skills Development in the Digital Era) geht auf diesen Bedarf ein. Die Aktivitäten des Projekts&hellip;&nbsp;</p>
