{"id":146,"date":"2023-12-14T13:55:03","date_gmt":"2023-12-14T13:55:03","guid":{"rendered":"https:\/\/amor.erasmus.site\/?page_id=146"},"modified":"2025-09-02T15:10:15","modified_gmt":"2025-09-02T15:10:15","slug":"about-the-project","status":"publish","type":"page","link":"https:\/\/amor.erasmus.site\/pl\/about-the-project\/","title":{"rendered":"O projekcie"},"content":{"rendered":"<p><\/p>\n<div class=\"paoc-popup-margin paoc-popup-content\">\n<p>W obliczu kryzysu zwi\u0105zanego z COVID-19 i wyzwa\u0144 stoj\u0105cych przed instytucjami edukacyjnymi, sektor edukacji jako ca\u0142o\u015b\u0107 potrzebuje kr\u00f3tkoterminowych rozwi\u0105za\u0144, kt\u00f3re mo\u017cna wykorzysta\u0107 do reagowania na ten i mo\u017cliwe przysz\u0142e kryzysy.<\/p>\n<p>Projekt A.M.O.R. (Advanced Measurements of Responses to the Challenges of Social Skills Development in the Digital Era) stanowi odpowied\u017a na t\u0119 potrzeb\u0119.<\/p>\n<p>Dzia\u0142ania projektu koncentruj\u0105 si\u0119 na opracowywaniu rozwi\u0105za\u0144 ukierunkowanych na luk\u0119 w umiej\u0119tno\u015bciach spo\u0142ecznych i przepa\u015b\u0107 cyfrow\u0105, szczeg\u00f3lnie podkre\u015blon\u0105 przez pandemi\u0119 Covid-19, dla os\u00f3b niepe\u0142nosprawnych i uczni\u00f3w ze specjalnymi potrzebami edukacyjnymi, kt\u00f3rzy byli szeroko wykluczeni z rozwi\u0105za\u0144 cyfrowych i niecyfrowych opracowanych w ostatnich miesi\u0105cach, g\u0142\u00f3wnie ze wzgl\u0119du na ich niedost\u0119pno\u015b\u0107 i brak w\u0142\u0105czenia.<\/p>\n<p>Dzi\u0119ki realizacji projektu A.M.O.R. nauczyciele, trenerzy i pracownicy socjalni b\u0119d\u0105 mogli pom\u00f3c m\u0142odym ludziom, zw\u0142aszcza tym z niepe\u0142nosprawno\u015bciami i specjalnymi potrzebami edukacyjnymi, przezwyci\u0119\u017cy\u0107 postrzegany lub rzeczywisty brak kontroli nad ich sytuacj\u0105 oraz wzmocni\u0107 aktywne uczestnictwo spo\u0142eczne i zwalcza\u0107 obecne negatywne trendy wykluczenia.<\/p>\n<p>Partnerstwo A.M.O.R. chce zapewni\u0107 innowacyjne i praktyczne rozwi\u0105zania pedagogiczne w zakresie integracyjnej cyfryzacji m\u0142odzie\u017cy i pracy socjalnej w nieformalnych i formalnych warunkach.<\/p>\n<p>Grupa docelowa<\/p>\n<ul>\n<li>G\u0142\u00f3wna grupa docelowa (TG1)<\/li>\n<\/ul>\n<p>M\u0141ODZIE\u017b i pracownicy socjalni, a tak\u017ce inni edukatorzy w dziedzinie pracy z M\u0141ODZIE\u017b\u0104, np. nauczyciele, trenerzy, coachowie.<\/p>\n<ul>\n<li>Wt\u00f3rna grupa docelowa (TG2)<\/li>\n<\/ul>\n<p>M\u0141ODZIE\u017b z niepe\u0142nosprawno\u015bci\u0105 fizyczn\u0105 i umys\u0142ow\u0105 i\/lub SPE w Europie stoj\u0105ca w obliczu wyzwa\u0144 zwi\u0105zanych z pandemi\u0105 Covid-19.<\/p>\n<\/div>\n<p><\/p>","protected":false},"excerpt":{"rendered":"<p>W obliczu kryzysu zwi\u0105zanego z COVID-19 i wyzwa\u0144 stoj\u0105cych przed instytucjami edukacyjnymi, sektor edukacji jako ca\u0142o\u015b\u0107 potrzebuje kr\u00f3tkoterminowych rozwi\u0105za\u0144, kt\u00f3re mo\u017cna wykorzysta\u0107 do reagowania na ten i mo\u017cliwe przysz\u0142e kryzysy. Projekt A.M.O.R. (Advanced Measurements of Responses to the Challenges of Social Skills Development in the Digital Era) stanowi odpowied\u017a na t\u0119 potrzeb\u0119. Dzia\u0142ania projektu koncentruj\u0105&hellip;&nbsp;<\/p>\n","protected":false},"author":1,"featured_media":0,"parent":0,"menu_order":0,"comment_status":"closed","ping_status":"closed","template":"","meta":{"neve_meta_sidebar":"","neve_meta_container":"","neve_meta_enable_content_width":"off","neve_meta_content_width":100,"neve_meta_title_alignment":"","neve_meta_author_avatar":"","neve_post_elements_order":"","neve_meta_disable_header":"","neve_meta_disable_footer":"","neve_meta_disable_title":"","footnotes":""},"class_list":["post-146","page","type-page","status-publish","hentry"],"_links":{"self":[{"href":"https:\/\/amor.erasmus.site\/pl\/wp-json\/wp\/v2\/pages\/146","targetHints":{"allow":["GET"]}}],"collection":[{"href":"https:\/\/amor.erasmus.site\/pl\/wp-json\/wp\/v2\/pages"}],"about":[{"href":"https:\/\/amor.erasmus.site\/pl\/wp-json\/wp\/v2\/types\/page"}],"author":[{"embeddable":true,"href":"https:\/\/amor.erasmus.site\/pl\/wp-json\/wp\/v2\/users\/1"}],"replies":[{"embeddable":true,"href":"https:\/\/amor.erasmus.site\/pl\/wp-json\/wp\/v2\/comments?post=146"}],"version-history":[{"count":4,"href":"https:\/\/amor.erasmus.site\/pl\/wp-json\/wp\/v2\/pages\/146\/revisions"}],"predecessor-version":[{"id":547,"href":"https:\/\/amor.erasmus.site\/pl\/wp-json\/wp\/v2\/pages\/146\/revisions\/547"}],"wp:attachment":[{"href":"https:\/\/amor.erasmus.site\/pl\/wp-json\/wp\/v2\/media?parent=146"}],"curies":[{"name":"wp","href":"https:\/\/api.w.org\/{rel}","templated":true}]}}

<p></p>
<div class="paoc-popup-margin paoc-popup-content">
<p>W obliczu kryzysu związanego z COVID-19 i wyzwań stojących przed instytucjami edukacyjnymi, sektor edukacji jako całość potrzebuje krótkoterminowych rozwiązań, które można wykorzystać do reagowania na ten i możliwe przyszłe kryzysy.</p>
<p>Projekt A.M.O.R. (Advanced Measurements of Responses to the Challenges of Social Skills Development in the Digital Era) stanowi odpowiedź na tę potrzebę.</p>
<p>Działania projektu koncentrują się na opracowywaniu rozwiązań ukierunkowanych na lukę w umiejętnościach społecznych i przepaść cyfrową, szczególnie podkreśloną przez pandemię Covid-19, dla osób niepełnosprawnych i uczniów ze specjalnymi potrzebami edukacyjnymi, którzy byli szeroko wykluczeni z rozwiązań cyfrowych i niecyfrowych opracowanych w ostatnich miesiącach, głównie ze względu na ich niedostępność i brak włączenia.</p>
<p>Dzięki realizacji projektu A.M.O.R. nauczyciele, trenerzy i pracownicy socjalni będą mogli pomóc młodym ludziom, zwłaszcza tym z niepełnosprawnościami i specjalnymi potrzebami edukacyjnymi, przezwyciężyć postrzegany lub rzeczywisty brak kontroli nad ich sytuacją oraz wzmocnić aktywne uczestnictwo społeczne i zwalczać obecne negatywne trendy wykluczenia.</p>
<p>Partnerstwo A.M.O.R. chce zapewnić innowacyjne i praktyczne rozwiązania pedagogiczne w zakresie integracyjnej cyfryzacji młodzieży i pracy socjalnej w nieformalnych i formalnych warunkach.</p>
<p>Grupa docelowa</p>
<ul>
<li>Główna grupa docelowa (TG1)</li>
</ul>
<p>MŁODZIEŻ i pracownicy socjalni, a także inni edukatorzy w dziedzinie pracy z MŁODZIEŻĄ, np. nauczyciele, trenerzy, coachowie.</p>
<ul>
<li>Wtórna grupa docelowa (TG2)</li>
</ul>
<p>MŁODZIEŻ z niepełnosprawnością fizyczną i umysłową i/lub SPE w Europie stojąca w obliczu wyzwań związanych z pandemią Covid-19.</p>
</div>
<p></p>

<p>W obliczu kryzysu związanego z COVID-19 i wyzwań stojących przed instytucjami edukacyjnymi, sektor edukacji jako całość potrzebuje krótkoterminowych rozwiązań, które można wykorzystać do reagowania na ten i możliwe przyszłe kryzysy. Projekt A.M.O.R. (Advanced Measurements of Responses to the Challenges of Social Skills Development in the Digital Era) stanowi odpowiedź na tę potrzebę. Działania projektu koncentrują&hellip;&nbsp;</p>
