{"id":146,"date":"2023-12-14T13:55:03","date_gmt":"2023-12-14T13:55:03","guid":{"rendered":"https:\/\/amor.erasmus.site\/?page_id=146"},"modified":"2025-09-02T15:10:15","modified_gmt":"2025-09-02T15:10:15","slug":"about-the-project","status":"publish","type":"page","link":"https:\/\/amor.erasmus.site\/pt\/about-the-project\/","title":{"rendered":"Sobre o Projeto"},"content":{"rendered":"<p><\/p>\n<div class=\"paoc-popup-margin paoc-popup-content\">\n<p>Perante a crise da COVID-19 e os desafios enfrentados pelas institui\u00e7\u00f5es de ensino, o setor da educa\u00e7\u00e3o no seu conjunto necessita de solu\u00e7\u00f5es a curto prazo que possam ser utilizadas para responder a esta e a poss\u00edveis crises futuras.<\/p>\n<p>O projeto A.M.O.R. (Advanced Measurements of Responses to the Challenges of Social Skills Development in the Digital Era) responde a esta necessidade.<\/p>\n<p>As atividades do projeto centram-se no desenvolvimento de solu\u00e7\u00f5es destinadas a colmatar o d\u00e9fice de compet\u00eancias sociais e o fosso digital, particularmente evidenciado pela pandemia de Covid-19, para pessoas com defici\u00eancia e estudantes com necessidades educativas especiais que t\u00eam sido amplamente exclu\u00eddos das solu\u00e7\u00f5es digitais e n\u00e3o digitais desenvolvidas nos \u00faltimos meses, principalmente devido \u00e0 sua inacessibilidade e falta de inclus\u00e3o.<\/p>\n<p>Atrav\u00e9s da implementa\u00e7\u00e3o do projeto A.M.O.R., os professores, formadores e assistentes sociais poder\u00e3o ajudar os jovens, especialmente os que t\u00eam defici\u00eancia e necessidades educativas especiais, a ultrapassar a falta de controlo, percebida ou real, sobre a sua situa\u00e7\u00e3o e a refor\u00e7ar a participa\u00e7\u00e3o social ativa, combatendo as atuais tend\u00eancias negativas de exclus\u00e3o.<\/p>\n<p>A parceria A.M.O.R. pretende fornecer solu\u00e7\u00f5es pedag\u00f3gicas inovadoras e pr\u00e1ticas para a digitaliza\u00e7\u00e3o inclusiva dos jovens e o trabalho social em contextos informais e formais.<\/p>\n<p>Grupo-alvo<\/p>\n<ul>\n<li>Grupo-alvo principal (TG1)<\/li>\n<\/ul>\n<p>Jovens e assistentes sociais, bem como outros educadores no dom\u00ednio do trabalho com jovens, por exemplo, professores, formadores, t\u00e9cnicos.<\/p>\n<ul>\n<li>Grupo-alvo secund\u00e1rio (TG2)<\/li>\n<\/ul>\n<p>JOVENS com defici\u00eancias f\u00edsicas e mentais e\/ou NEE na Europa que enfrentam os desafios impostos pela pandemia de Covid<\/p>\n<\/div>\n<p><\/p>","protected":false},"excerpt":{"rendered":"<p>Perante a crise da COVID-19 e os desafios enfrentados pelas institui\u00e7\u00f5es de ensino, o setor da educa\u00e7\u00e3o no seu conjunto necessita de solu\u00e7\u00f5es a curto prazo que possam ser utilizadas para responder a esta e a poss\u00edveis crises futuras. O projeto A.M.O.R. (Advanced Measurements of Responses to the Challenges of Social Skills Development in the&hellip;&nbsp;<\/p>\n","protected":false},"author":1,"featured_media":0,"parent":0,"menu_order":0,"comment_status":"closed","ping_status":"closed","template":"","meta":{"neve_meta_sidebar":"","neve_meta_container":"","neve_meta_enable_content_width":"off","neve_meta_content_width":100,"neve_meta_title_alignment":"","neve_meta_author_avatar":"","neve_post_elements_order":"","neve_meta_disable_header":"","neve_meta_disable_footer":"","neve_meta_disable_title":"","footnotes":""},"class_list":["post-146","page","type-page","status-publish","hentry"],"_links":{"self":[{"href":"https:\/\/amor.erasmus.site\/pt\/wp-json\/wp\/v2\/pages\/146","targetHints":{"allow":["GET"]}}],"collection":[{"href":"https:\/\/amor.erasmus.site\/pt\/wp-json\/wp\/v2\/pages"}],"about":[{"href":"https:\/\/amor.erasmus.site\/pt\/wp-json\/wp\/v2\/types\/page"}],"author":[{"embeddable":true,"href":"https:\/\/amor.erasmus.site\/pt\/wp-json\/wp\/v2\/users\/1"}],"replies":[{"embeddable":true,"href":"https:\/\/amor.erasmus.site\/pt\/wp-json\/wp\/v2\/comments?post=146"}],"version-history":[{"count":4,"href":"https:\/\/amor.erasmus.site\/pt\/wp-json\/wp\/v2\/pages\/146\/revisions"}],"predecessor-version":[{"id":547,"href":"https:\/\/amor.erasmus.site\/pt\/wp-json\/wp\/v2\/pages\/146\/revisions\/547"}],"wp:attachment":[{"href":"https:\/\/amor.erasmus.site\/pt\/wp-json\/wp\/v2\/media?parent=146"}],"curies":[{"name":"wp","href":"https:\/\/api.w.org\/{rel}","templated":true}]}}

<p></p>
<div class="paoc-popup-margin paoc-popup-content">
<p>Perante a crise da COVID-19 e os desafios enfrentados pelas instituições de ensino, o setor da educação no seu conjunto necessita de soluções a curto prazo que possam ser utilizadas para responder a esta e a possíveis crises futuras.</p>
<p>O projeto A.M.O.R. (Advanced Measurements of Responses to the Challenges of Social Skills Development in the Digital Era) responde a esta necessidade.</p>
<p>As atividades do projeto centram-se no desenvolvimento de soluções destinadas a colmatar o défice de competências sociais e o fosso digital, particularmente evidenciado pela pandemia de Covid-19, para pessoas com deficiência e estudantes com necessidades educativas especiais que têm sido amplamente excluídos das soluções digitais e não digitais desenvolvidas nos últimos meses, principalmente devido à sua inacessibilidade e falta de inclusão.</p>
<p>Através da implementação do projeto A.M.O.R., os professores, formadores e assistentes sociais poderão ajudar os jovens, especialmente os que têm deficiência e necessidades educativas especiais, a ultrapassar a falta de controlo, percebida ou real, sobre a sua situação e a reforçar a participação social ativa, combatendo as atuais tendências negativas de exclusão.</p>
<p>A parceria A.M.O.R. pretende fornecer soluções pedagógicas inovadoras e práticas para a digitalização inclusiva dos jovens e o trabalho social em contextos informais e formais.</p>
<p>Grupo-alvo</p>
<ul>
<li>Grupo-alvo principal (TG1)</li>
</ul>
<p>Jovens e assistentes sociais, bem como outros educadores no domínio do trabalho com jovens, por exemplo, professores, formadores, técnicos.</p>
<ul>
<li>Grupo-alvo secundário (TG2)</li>
</ul>
<p>JOVENS com deficiências físicas e mentais e/ou NEE na Europa que enfrentam os desafios impostos pela pandemia de Covid</p>
</div>
<p></p>

<p>Perante a crise da COVID-19 e os desafios enfrentados pelas instituições de ensino, o setor da educação no seu conjunto necessita de soluções a curto prazo que possam ser utilizadas para responder a esta e a possíveis crises futuras. O projeto A.M.O.R. (Advanced Measurements of Responses to the Challenges of Social Skills Development in the&hellip;&nbsp;</p>
